or of 583 and 424?
53
Calculate the greatest common divisor of 15 and 80.
5
Calculate the highest common factor of 110 and 88.
22
What is the greatest common factor of 3723 and 3?
3
Calculate the greatest common factor of 90 and 36.
18
Calculate the highest common divisor of 160 and 710.
10
What is the greatest common divisor of 4992 and 256?
128
What is the greatest common divisor of 616 and 280?
56
What is the greatest common factor of 264 and 16698?
66
Calculate the greatest common factor of 170 and 20.
10
What is the highest common divisor of 98 and 658?
14
What is the greatest common divisor of 50 and 2?
2
What is the greatest common factor of 244 and 8?
4
Calculate the greatest common factor of 43 and 3397.
43
Calculate the greatest common factor of 158 and 112.
2
Calculate the greatest common divisor of 209 and 55.
11
What is the highest common factor of 377 and 174?
29
What is the greatest common factor of 42 and 12?
6
Calculate the greatest common factor of 1937 and 26.
13
What is the greatest common divisor of 70 and 42035?
35
Calculate the greatest common divisor of 24 and 1038.
6
What is the greatest common factor of 84 and 180?
12
What is the highest common divisor of 108 and 144?
36
What is the greatest common factor of 342 and 19722?
114
Calculate the greatest common divisor of 252 and 56952.
252
What is the greatest common factor of 5622 and 6?
6
Calculate the highest common divisor of 980 and 336.
28
Calculate the greatest common factor of 32240 and 26.
26
Calculate the highest common factor of 1080 and 60.
60
Calculate the highest common factor of 3031 and 21.
7
What is the highest common divisor of 194 and 1067?
97
Calculate the highest common divisor of 36 and 228.
12
What is the highest common divisor of 18 and 22?
2
Calculate the highest common factor of 1197 and 4921.
133
What is the greatest common factor of 55 and 70?
5
Calculate the highest common divisor of 8479 and 139.
139
What is the highest common divisor of 61 and 7991?
61
Calculate the greatest common divisor of 340 and 10370.
170
Calculate the greatest common divisor of 43501 and 41.
41
What is the highest common factor of 7 and 20468?
7
Calculate the greatest common divisor of 153 and 6987.
51
What is the highest common factor of 3773 and 132?
11
Calculate the greatest common factor of 67 and 536.
67
What is the highest common divisor of 86 and 473?
43
What is the greatest common divisor of 100 and 24250?
50
What is the highest common divisor of 525 and 21?
21
What is the highest common divisor of 31642 and 52?
26
Calculate the highest common factor of 516 and 15.
3
What is the greatest common divisor of 338 and 4342?
26
What is the greatest common factor of 9 and 189?
9
Calculate the highest common divisor of 1387 and 19.
19
Calculate the highest common divisor of 114 and 5757.
57
What is the highest common factor of 14659 and 321?
107
What is the highest common divisor of 1395 and 5859?
279
What is the greatest common factor of 3038 and 248?
62
What is the greatest common divisor of 201 and 3082?
67
Calculate the greatest common factor of 1628 and 176.
44
What is the greatest common divisor of 33 and 29073?
33
What is the greatest common factor of 20 and 850?
10
Calculate the highest common divisor of 16 and 4560.
16
Calculate the greatest common divisor of 128 and 2.
2
Calculate the highest common factor of 1850 and 400.
50
What is the greatest common factor of 408 and 36?
12
Calculate the greatest common factor of 15 and 22065.
15
Calculate the greatest common divisor of 83 and 10873.
83
Calculate the highest common divisor of 627 and 33.
33
Calculate the greatest common factor of 1200 and 75.
75
What is the greatest common factor of 15 and 2?
1
Calculate the greatest common divisor of 200 and 344.
8
Calculate the highest common divisor of 30 and 54.
6
Calculate the greatest common divisor of 2340 and 20.
20
Calculate the greatest common factor of 7 and 8743.
7
What is the highest common divisor of 1800 and 12780?
180
What is the highest common factor of 407 and 8584?
37
Calculate the highest common divisor of 52 and 2932.
4
Calculate the highest common factor of 112 and 1484.
28
Calculate the highest common factor of 220 and 1860.
20
Calculate the highest common factor of 34 and 289.
17
Calculate the greatest common divisor of 42 and 282.
6
Calculate the greatest common factor of 126 and 2016.
126
Calculate the greatest common factor of 243 and 2106.
81
What is the greatest common factor of 815 and 20?
5
What is the greatest common divisor of 300 and 12?
12
Calculate the highest common factor of 60 and 28.
4
What is the greatest common factor of 8 and 3?
1
Calculate the highest common divisor of 48 and 408.
24
Calculate the highest common divisor of 928 and 87.
29
Calculate the highest common factor of 117 and 143.
13
What is the highest common factor of 81 and 144?
9
Calculate the greatest common divisor of 12 and 912.
12
Calculate the greatest common factor of 102 and 222.
6
What is the highest common divisor of 869 and 11?
11
Calculate the highest common divisor of 363 and 99.
33
What is the highest common divisor of 1131 and 1053?
39
What is the highest common factor of 28 and 90860?
28
What is the highest common divisor of 2006 and 34?
34
Calculate the highest common factor of 22920 and 120.
120
Calculate the highest common factor of 60 and 270.
30
Calculate the highest common divisor of 4828 and 4.
4
Calculate the greatest common factor of 279 and 1860.
93
Calculate the greatest common factor of 94 and 4841.
47
Calculate the greatest common divisor of 83 and 249.
83
Calculate the highest common factor of 486 and 54.
54
What is the highest common factor of 196 and 49?
49
Calculate the greatest common divisor of 1562 and 66.
22
Calculate the greatest common divisor of 10701 and 41.
41
Calculate the highest common factor of 410 and 287.
41
What is the greatest common factor of 60 and 15?
15
What is the greatest common divisor of 1376 and 43?
43
Calculate the greatest common divisor of 146 and 10001.
73
What is the greatest common divisor of 40599 and 117?
117
What is the greatest common divisor of 19 and 3173?
19
Calculate the highest common factor of 22 and 14.
2
What is the greatest common divisor of 1032 and 54?
6
What is the greatest common factor of 49 and 63?
7
Calculate the greatest common factor of 100 and 1300.
100
Calculate the greatest common factor of 41738 and 82.
82
What is the greatest common factor of 152 and 8?
8
What is the greatest common divisor of 8109 and 153?
153
What is the highest common factor of 266 and 434?
14
Calculate the highest common divisor of 10 and 30.
10
What is the greatest common divisor of 5 and 25?
5
Calculate the highest common divisor of 70 and 1484.
14
What is the greatest common factor of 246 and 943?
41
Calculate the greatest common divisor of 66 and 165.
33
Calculate the greatest common divisor of 476 and 68.
68
What is the greatest common divisor of 358 and 18437?
179
Calculate the greatest common factor of 5760 and 45.
45
Calculate the greatest common divisor of 216 and 7032.
24
What is the highest common factor of 2183 and 59?
59
What is the highest common factor of 187 and 253?
11
Calculate the highest common divisor of 32565 and 195.
195
Calculate the greatest common factor of 120 and 24.
24
Calculate the highest common divisor of 927 and 207.
9
What is the highest common divisor of 1643 and 159?
53
What is the highest common divisor of 136 and 864?
8
What is the highest common divisor of 243 and 27?
27
What is the greatest common factor of 9333 and 306?
153
What is the highest common divisor of 1898 and 26?
26
Calculate the highest common divisor of 68 and 32.
4
What is the greatest common factor of 231 and 16863?
231
Calculate the greatest common divisor of 1 and 2.
1
Calculate the greatest common divisor of 1098 and 488.
122
What is the highest common divisor of 102 and 12?
6
Calculate the highest common divisor of 176 and 52.
4
What is the highest common divisor of 40 and 1030?
10
What is the highest common factor of 8 and 2888?
8
Calculate the greatest common divisor of 14 and 273.
7
What is the highest common factor of 14 and 378?
14
Calculate the greatest common divisor of 11929 and 79.
7